is -43ec + 10e?
-42de
In base 6, what is 21 + 3011?
3032
In base 7, what is 32300 - 0?
32300
In base 16, what is 67 - -2484?
24eb
In base 14, what is 88 + -1c15?
-1b6b
In base 8, what is -634 + 76?
-536
In base 14, what is 4 + 89dd7?
89ddb
In base 12, what is 1a61 - 27?
1a36
In base 3, what is -1020020221 - -1?
-1020020220
In base 3, what is -10020 - -122210020?
122200000
In base 15, what is -3e41 - 1?
-3e42
In base 11, what is 70 - -21a?
28a
In base 15, what is 14bbc - 4?
14bb8
In base 15, what is 220d + -9?
2204
In base 15, what is -130 - 556?
-686
In base 12, what is -4a + 1b66?
1b18
In base 6, what is 353210 + -10?
353200
In base 9, what is 1628 + 54?
1683
In base 7, what is -116542334 - 2?
-116542336
In base 13, what is 109a + -23?
1077
In base 15, what is -bc - -ca?
d
In base 4, what is 22 + -11003301?
-11003213
In base 3, what is 0 + 1202121021?
1202121021
In base 7, what is -1110 - -13?
-1064
In base 5, what is -342 + 400024?
344132
In base 8, what is -131 + 51?
-60
In base 9, what is 201 + 16?
217
In base 10, what is 3 - 68110?
-68107
In base 8, what is 241 + 2075?
2336
In base 4, what is 2230 - 320220?
-311330
In base 15, what is 5 - 7424?
-741e
In base 6, what is 3401521 + 2?
3401523
In base 10, what is -59512 + 5?
-59507
In base 8, what is -143 + -15121?
-15264
In base 6, what is -4212 + -124?
-4340
In base 16, what is 29 - 5a0a?
-59e1
In base 6, what is 2 - -1143231?
1143233
In base 3, what is -212101220 + -121?
-212102111
In base 8, what is -1212 + 4?
-1206
In base 13, what is -2197c + -1?
-21980
In base 9, what is 5 + 8784?
8800
In base 4, what is 212 - 3303110?
-3302232
In base 10, what is 1299 - 103?
1196
In base 16, what is 1ed61 + -5?
1ed5c
In base 15, what is 2d - 1ad?
-180
In base 8, what is -143735 - -3?
-143732
In base 11, what is 69281 + 1?
69282
In base 2, what is -101100001101000111001 + 1?
-101100001101000111000
In base 6, what is 1504 + 53?
2001
In base 4, what is 2 + -1120100332?
-1120100330
In base 15, what is d21 + 2?
d23
In base 6, what is -4 - -551532?
551524
In base 9, what is 266 - -13381?
13657
In base 2, what is 110110001 + -101000100000?
-100001101111
In base 6, what is -330 + 100523?
100153
In base 11, what is -1 - 6612?
-6613
In base 9, what is -15465 - -1?
-15464
In base 11, what is 1 - -3760?
3761
In base 16, what is -f - -1bdb?
1bcc
In base 8, what is -513 + -3031?
-3544
In base 6, what is 30310 - 1?
30305
In base 15, what is -1ea + -7b?
-276
In base 13, what is 4 - -3498?
349c
In base 9, what is -5 + -2207702?
-2207707
In base 12, what is 291b15 + -4?
291b11
In base 4, what is 21 - -1100021?
1100102
In base 8, what is 4 + 460505?
460511
In base 13, what is 8c65b4 + 3?
8c65b7
In base 15, what is -bd + -1cb?
-299
In base 7, what is -2 + -1234134?
-1234136
In base 16, what is -6016 + 15?
-6001
In base 10, what is 67 + 4159?
4226
In base 7, what is -54 + -1460?
-1544
In base 14, what is -26a5d - 3?
-26a62
In base 12, what is -2732 + 3?
-272b
In base 3, what is -1 + -112102012202?
-112102012210
In base 13, what is 36 + 1a11?
1a47
In base 2, what is -1001111001100 - 101?
-1001111010001
In base 16, what is 12f3 + 2?
12f5
In base 16, what is 12d + -3af?
-282
In base 8, what is 1072 - 571?
301
In base 3, what is 1001011110120 + 1?
1001011110121
In base 14, what is 63c752 + 5?
63c757
In base 7, what is 3 + 221606?
221612
In base 7, what is 54 + -103563?
-103506
In base 7, what is 3 + -224560?
-224554
In base 16, what is 32 - ba26?
-b9f4
In base 14, what is 0 + 4870?
4870
In base 12, what is 41 - abb?
-a7a
In base 10, what is 19 + 1205?
1224
In base 8, what is 3503 - -52?
3555
In base 11, what is -385435 - -2?
-385433
In base 3, what is 1110 - 111112?
-110002
In base 2, what is -1100010101101111111 - -10?
-1100010101101111101
In base 2, what is -111011010110100000000 - -101?
-111011010110011111011
In base 4, what is 1 - -302033202?
302033203
In base 10, what is 1345884 - -4?
1345888
In base 5, what is 2 + -3220201?
-3220144
In base 10, what is 293 - 787?
-494
In base 8, what is 241 - -1156?
1417
In base 4, what is -212033 - 123?
-212222
In base 4, what is 1 - -1323100?
1323101
In base 4, what is 10020 - 2233330?
-2223310
In base 9, what is -10032 - 181?
-10223
In base 3, what is -2 - 102221012021?
-102221012100
In base 11, what is -135 - 3?
-138
In base 8, what is -134 - -166?
32
In base 11, what is -6 + 1553?
1548
In base 3, what is 11201002020 + -111?
11201001202
In base 10, what is 4 - 83573?
-83569
In base 5, what is -2220412 - -12?
-2220400
In base 2, what is 101 - -110010110100111111?
110010110101000100
In base 15, what is -927 + e?
-918
In base 13, what is -263745 - -7?
-26373b
In base 13, what is -452a96 - -3?
-452a93
In base 9, what is 3317156 - -1?
3317157
In base 7, what is 3042644 - 5?
3042636
In base 13, what is -4a9b15 - 0?
-4a9b15
In base 2, what is -1 + 1110001110101000?
1110001110100111
In base 5, what is -1 - -21331004?
21331003
In base 15, what is -cc2 - -2c?
-c95
In base 16, what is 29c + 28?
2c4
In base 12, what is 5 + 34b991?
34b996
In base 12, what is -5 + -126aaa?
-126ab3
In base 10, what is 6 + 36500?
36506
In base 10, what is 3 + -13258?
-13255
In base 4, what is -23 - -103103?
103020
In base 9, what is 0 + 24366?
24366
In base 3, what is 12202 + -12002222?
-11220020
In base 14, what is -3dddd + b?
-3ddd2
In base 6, what is -2 + -150535?
-150541
In base 11, what is -45143 + 0?
-45143
In base 11, what is -5 - -277372?
277368
In base 4, what is -2 - -32333020?
32333012
In base 5, what is 43433 + -3342?
40041
In base 8, what is -11 + -142072?
-142103
In base 3, what is -1220102 - 122?
-1221001
In base 16, what is 576 - -1?
577
In base 15, what is -728 + -3?
-72b
In base 9, what is 3387 + -217?
3170
In base 7, what is 1100 + -126?
641
In base 11, what is 810a - 20?
809a
In base 13, what is 2 + -137700?
-1376cb
In base 5, what is -411103 - -402?
-410201
In base 2, what is -110 + 10111010110110?
10111010110000
In base 5, what is -22441 - 32214?
-110210
In base 6, what is -355511 + 1?
-355510
In base 12, what is 0 + -2972?
-2972
In base 4, what is 101220311300 - -11?
101220311311
In base 13, what is -122 - -76?
-79
In base 7, what is 555 + 2535?
3423
In base 5, what is -4014 - 124?
-4143
In base 12, what is 4 - -4963?
4967
In base 15, what is -cc - e43?
-1020
In base 16, what is 186d + 2?
186f
In base 3, what is 102 - 2000102?
-2000000
In base 4, what is -2112 + 1203133?
1201021
In base 16, what is 3 + 6178?
617b
In base 6, what is -10120101 + 5?
-10120052
In base 10, what is -28 + -3542?
-3570
In base 7, what is -35636 - 1410?
-40346
In base 4, what is -301 + 31012?
30111
In base 7, what is 11150 + -20?
11130
In base 13, what is 14 - -23387?
2339b
In base 15, what is -3a4cc - -2?
-3a4ca
In base 13, what is 46035 + -29?
46009
In base 11, what is 41 - -370?
401
In base 12, what is -94704 - -2?
-94702
In base 3, what is -22 - 12010002020?
-12010002112
In base 16, what is 3be + -14?
3aa
In base 2, what is 101 + -110011001111011101?
-110011001111011000
In base 16, what is d05 - -c6?
dcb
In base 2, what is -1101 + -11100000001101111?
-11100000001111100
In base 14, what is 2c29 - 0?
2c29
In base 11, what is 7a + 35114?
35193
In base 7, what is 2 - 42262?
-42260
In base 16, what is 77b - e?
76d
In base 2, what is 1001 - -10101111000?
10110000001
In base 3, what is 10210210120 - 121?
10210202222
In base 5, what is -11444233 + 1?
-11444232
In base 4, what is 23 - 323212?
-323123
In base 15, what is 3cdc9 + 3?
3cdcc
In base 7, what is -1 - 540655?
-540656
In base 15, what is -1812 - 43?
-1855
In base 9, what is -8822 + -207?
-10130
In base 6, what is -30130 - 3?
-30133
In base 6, what is 12 - -51401?
51413
In base 5, what is 4 + -230220?
-230211
In base 7, what is 3 - -2252153?
2252156
In base 3, what is -2220110221 + 10?
-2220110211
In base 4, what is -133133011 - -1?
-133133010
In base 6, what is -540 + 342032?
341052
In base 2, what is -101000111110 - -11001?
-101000100101
In base 12, what is 171270 - 2?
17126a
In base 4, what is -1 - -12221112?
12221111
In base 7, what is -1300 + -41201?
-42501
In base 3, what is -12001022 - -2222?
-11221100
In base 5, what is 132323 + 13?
132341
In base 2, what is -11100110101001 - -110?
-11100110100011
In base 4, what is 30330321 + -10?
30330311
In base 16, 